 2104?
2, 263
List the prime factors of 12923.
12923
What are the prime factors of 6993?
3, 7, 37
List the prime factors of 904.
2, 113
List the prime factors of 227.
227
What are the prime factors of 1107?
3, 41
What are the prime factors of 325?
5, 13
What are the prime factors of 22321?
13, 17, 101
List the prime factors of 16768.
2, 131
What are the prime factors of 23813?
23813
List the prime factors of 16548.
2, 3, 7, 197
What are the prime factors of 4297?
4297
List the prime factors of 55724.
2, 13931
List the prime factors of 442.
2, 13, 17
List the prime factors of 677.
677
What are the prime factors of 3013?
23, 131
What are the prime factors of 2946?
2, 3, 491
List the prime factors of 762.
2, 3, 127
What are the prime factors of 71363?
71363
List the prime factors of 2437.
2437
What are the prime factors of 2213?
2213
What are the prime factors of 61284?
2, 3, 5107
List the prime factors of 896.
2, 7
What are the prime factors of 1300?
2, 5, 13
List the prime factors of 357.
3, 7, 17
What are the prime factors of 176?
2, 11
What are the prime factors of 5869?
5869
What are the prime factors of 46062?
2, 3, 853
List the prime factors of 35279.
35279
List the prime factors of 38127.
3, 71, 179
What are the prime factors of 29700?
2, 3, 5, 11
List the prime factors of 21504.
2, 3, 7
List the prime factors of 2439.
3, 271
List the prime factors of 18667.
11, 1697
What are the prime factors of 7513?
11, 683
What are the prime factors of 2102?
2, 1051
What are the prime factors of 31600?
2, 5, 79
What are the prime factors of 1148?
2, 7, 41
List the prime factors of 319.
11, 29
List the prime factors of 304.
2, 19
What are the prime factors of 63273?
3, 7, 23, 131
List the prime factors of 151171.
151171
What are the prime factors of 10419?
3, 23, 151
List the prime factors of 961.
31
List the prime factors of 15198.
2, 3, 17, 149
List the prime factors of 1822.
2, 911
List the prime factors of 971.
971
What are the prime factors of 1788?
2, 3, 149
List the prime factors of 2575.
5, 103
List the prime factors of 741.
3, 13, 19
What are the prime factors of 5696?
2, 89
What are the prime factors of 2786?
2, 7, 199
What are the prime factors of 40864?
2, 1277
List the prime factors of 1354.
2, 677
List the prime factors of 316.
2, 79
List the prime factors of 2078.
2, 1039
What are the prime factors of 7834?
2, 3917
List the prime factors of 96935.
5, 19387
List the prime factors of 52869.
3, 17623
List the prime factors of 973.
7, 139
What are the prime factors of 5023?
5023
List the prime factors of 709.
709
List the prime factors of 62867.
7, 1283
List the prime factors of 1584.
2, 3, 11
What are the prime factors of 9815?
5, 13, 151
What are the prime factors of 146230?
2, 5, 7, 2089
What are the prime factors of 11066?
2, 11, 503
List the prime factors of 26765.
5, 53, 101
What are the prime factors of 18046?
2, 7, 1289
List the prime factors of 54.
2, 3
What are the prime factors of 351?
3, 13
What are the prime factors of 81628?
2, 20407
What are the prime factors of 1235?
5, 13, 19
What are the prime factors of 1325?
5, 53
List the prime factors of 8331.
3, 2777
What are the prime factors of 7068?
2, 3, 19, 31
What are the prime factors of 6126?
2, 3, 1021
What are the prime factors of 44665?
5, 8933
List the prime factors of 4254.
2, 3, 709
List the prime factors of 7928.
2, 991
List the prime factors of 67060.
2, 5, 7, 479
List the prime factors of 929.
929
List the prime factors of 71622.
2, 3, 23, 173
List the prime factors of 77.
7, 11
What are the prime factors of 182?
2, 7, 13
List the prime factors of 50928.
2, 3, 1061
List the prime factors of 405.
3, 5
What are the prime factors of 602?
2, 7, 43
List the prime factors of 1532.
2, 383
List the prime factors of 38434.
2, 11, 1747
List the prime factors of 2565.
3, 5, 19
List the prime factors of 365.
5, 73
What are the prime factors of 21931?
7, 13, 241
List the prime factors of 513.
3, 19
What are the prime factors of 80656?
2, 71
List the prime factors of 515.
5, 103
What are the prime factors of 7320?
2, 3, 5, 61
List the prime factors of 8222.
2, 4111
List the prime factors of 13848.
2, 3, 577
What are the prime factors of 14026?
2, 7013
What are the prime factors of 5353?
53, 101
What are the prime factors of 94014?
2, 3, 1741
What are the prime factors of 3842?
2, 17, 113
List the prime factors of 20528.
2, 1283
List the prime factors of 3474.
2, 3, 193
List the prime factors of 2283.
3, 761
List the prime factors of 509.
509
List the prime factors of 1559.
1559
What are the prime factors of 435?
3, 5, 29
What are the prime factors of 69495?
3, 5, 41, 113
What are the prime factors of 4310?
2, 5, 431
List the prime factors of 15513.
3, 5171
List the prime factors of 978.
2, 3, 163
What are the prime factors of 4032?
2, 3, 7
List the prime factors of 3877.
3877
List the prime factors of 8291.
8291
What are the prime factors of 8947?
23, 389
List the prime factors of 1112.
2, 139
List the prime factors of 1030.
2, 5, 103
What are the prime factors of 1165?
5, 233
What are the prime factors of 6039?
3, 11, 61
What are the prime factors of 22516?
2, 13, 433
What are the prime factors of 24096?
2, 3, 251
List the prime factors of 1213.
1213
List the prime factors of 5123.
47, 109
List the prime factors of 12018.
2, 3, 2003
What are the prime factors of 2372?
2, 593
List the prime factors of 7920.
2, 3, 5, 11
What are the prime factors of 398?
2, 199
What are the prime factors of 30801?
3, 10267
What are the prime factors of 10759?
7, 29, 53
What are the prime factors of 12787?
19, 673
What are the prime factors of 4192?
2, 131
What are the prime factors of 69980?
2, 5, 3499
List the prime factors of 4722.
2, 3, 787
What are the prime factors of 24152?
2, 3019
What are the prime factors of 6847?
41, 167
List the prime factors of 23121.
3, 7, 367
What are the prime factors of 12017?
61, 197
What are the prime factors of 2779?
7, 397
List the prime factors of 17990.
2, 5, 7, 257
What are the prime factors of 12052?
2, 23, 131
What are the prime factors of 10230?
2, 3, 5, 11, 31
What are the prime factors of 2434?
2, 1217
List the prime factors of 1511.
1511
What are the prime factors of 10568?
2, 1321
List the prime factors of 280.
2, 5, 7
What are the prime factors of 4333?
7, 619
List the prime factors of 7460.
2, 5, 373
What are the prime factors of 84604?
2, 13, 1627
List the prime factors of 28223.
13, 167
List the prime factors of 43560.
2, 3, 5, 11
List the prime factors of 20295.
3, 5, 11, 41
What are the prime factors of 186?
2, 3, 31
List the prime factors of 7487.
7487
List the prime factors of 2360.
2, 5, 59
List the prime factors of 35.
5, 7
What are the prime factors of 70040?
2, 5, 17, 103
List the prime factors of 769.
769
What are the prime factors of 1910?
2, 5, 191
List the prime factors of 3986.
2, 1993
List the prime factors of 3114.
2, 3, 173
What are the prime factors of 79511?
23, 3457
What are the prime factors of 4358?
2, 2179
List the prime factors of 905.
5, 181
List the prime factors of 27053.
13, 2081
List the prime factors of 939.
3, 313
List the prime factors of 12385.
5, 2477
List the prime factors of 3175.
5, 127
List the prime factors of 81.
3
What are the prime factors of 38339?
7, 5477
What are the prime factors of 169?
13
List the prime factors of 131249.
131249
What are the prime factors of 23047?
19, 1213
List the prime factors of 2295.
3, 5, 17
List the prime factors of 7284.
2, 3, 607
What are the prime factors of 1744?
2, 109
What are the prime factors of 1675?
5, 67
What are the prime factors of 104763?
3, 47, 743
List the prime factors of 45773.
7, 13, 503
List the prime factors of 2190.
2, 3, 5, 73
What are the prime factors of 11081?
7, 1583
List the prime factors of 1457.
31, 47
List the prime factors of 3083.
3083
What are the prime factors of 51772?
2, 7, 43
What are the prime factors of 36241?
36241
What are the prime factors of 15938?
2, 13, 613
What are the prime factors of 2025?
3, 5
List the prime factors of 21849.
3, 7283
What are the prime factors of 5191?
29, 179
What are the prime factors of 2637?
3, 293
List the prime factors of 1944.
2, 3
List the prime factors of 13023.
3, 1447
List the prime factors of 14208